{"id":25,"date":"2014-05-08T14:31:46","date_gmt":"2014-05-08T12:31:46","guid":{"rendered":"http:\/\/127.0.0.1:8080\/wordpress\/?page_id=4"},"modified":"2024-12-30T18:29:12","modified_gmt":"2024-12-30T16:29:12","slug":"willkommen-2","status":"publish","type":"page","link":"https:\/\/www.kosmetikstudio-wolfrum.de\/","title":{"rendered":"Willkommen"},"content":{"rendered":"<p><a href=\"http:\/\/www.kosmetikstudio-wolfrum.de\/wp-content\/uploads\/2017\/07\/Willkommen.jpg\"><img loading=\"lazy\" decoding=\"async\" class=\"aligncenter size-medium wp-image-190\" src=\"http:\/\/www.kosmetikstudio-wolfrum.de\/wp-content\/uploads\/2017\/07\/Willkommen-300x125.jpg\" alt=\"\" width=\"300\" height=\"125\" srcset=\"https:\/\/www.kosmetikstudio-wolfrum.de\/wp-content\/uploads\/2017\/07\/Willkommen-300x125.jpg 300w, https:\/\/www.kosmetikstudio-wolfrum.de\/wp-content\/uploads\/2017\/07\/Willkommen.jpg 348w\" sizes=\"auto, (max-width: 300px) 100vw, 300px\" \/><\/a>Ihre W\u00fcnsche in punkto Sch\u00f6nheit, Wohlgef\u00fchl und innere Harmonie.<\/p>\n<p>Treten Sie ein in die Welt des Wohlbefindens, kehren Sie dem Alltag f\u00fcr eine Weile den R\u00fccken. G\u00f6nnen Sie sich den Genuss, einmal ganz im Mittelpunkt zu stehen. Denn bei uns dreht sich alles um Sie, um Ihre W\u00fcnsche in punkto Sch\u00f6nheit, Wohlgef\u00fchl und innere Harmonie.<\/p>\n<p>Wir bieten Ihnen Pflegeprogramme der Firma &#8222;Babor&#8220; an, mit denen wir schon seit \u00fcber 30 Jahren vertrauensvoll zusammenarbeiten.<\/p>\n<p>Treten Sie beim Lesen in die Welt der Pflege und des Wohlbefindens ein und wir beraten Sie gern.<\/p>\n<p>Wir bieten f\u00fcr Ihre Bed\u00fcrfnisse die richtige Behandlung und Pflege f\u00fcr zu Hause, mit dem breiten Spektrum an Baborprodukten, an.<\/p>\n","protected":false},"excerpt":{"rendered":"<p>Ihre W\u00fcnsche in punkto Sch\u00f6nheit, Wohlgef\u00fchl und innere Harmonie. Treten Sie ein in die Welt des Wohlbefindens, kehren Sie dem Alltag f\u00fcr eine Weile den R\u00fccken. G\u00f6nnen Sie sich den Genuss, einmal ganz im Mittelpunkt zu stehen. Denn bei uns dreht sich alles um Sie, um Ihre W\u00fcnsche in punkto Sch\u00f6nheit, Wohlgef\u00fchl und innere Harmonie. &hellip; <a href=\"https:\/\/www.kosmetikstudio-wolfrum.de\/\" class=\"more-link\"><span class=\"screen-reader-text\">Willkommen<\/span> weiterlesen <span class=\"meta-nav\">&rarr;<\/span><\/a><\/p>\n","protected":false},"author":1,"featured_media":0,"parent":0,"menu_order":0,"comment_status":"closed","ping_status":"closed","template":"page-templates\/full-width.php","meta":{"footnotes":""},"class_list":["post-25","page","type-page","status-publish","hentry"],"_links":{"self":[{"href":"https:\/\/www.kosmetikstudio-wolfrum.de\/index.php?rest_route=\/wp\/v2\/pages\/25","targetHints":{"allow":["GET"]}}],"collection":[{"href":"https:\/\/www.kosmetikstudio-wolfrum.de\/index.php?rest_route=\/wp\/v2\/pages"}],"about":[{"href":"https:\/\/www.kosmetikstudio-wolfrum.de\/index.php?rest_route=\/wp\/v2\/types\/page"}],"author":[{"embeddable":true,"href":"https:\/\/www.kosmetikstudio-wolfrum.de\/index.php?rest_route=\/wp\/v2\/users\/1"}],"replies":[{"embeddable":true,"href":"https:\/\/www.kosmetikstudio-wolfrum.de\/index.php?rest_route=%2Fwp%2Fv2%2Fcomments&post=25"}],"version-history":[{"count":7,"href":"https:\/\/www.kosmetikstudio-wolfrum.de\/index.php?rest_route=\/wp\/v2\/pages\/25\/revisions"}],"predecessor-version":[{"id":369,"href":"https:\/\/www.kosmetikstudio-wolfrum.de\/index.php?rest_route=\/wp\/v2\/pages\/25\/revisions\/369"}],"wp:attachment":[{"href":"https:\/\/www.kosmetikstudio-wolfrum.de\/index.php?rest_route=%2Fwp%2Fv2%2Fmedia&parent=25"}],"curies":[{"name":"wp","href":"https:\/\/api.w.org\/{rel}","templated":true}]}}